e 14*t - 1687 - 3675 = 0. What is the tens digit of t?
8
Suppose -k + 2*k = 191. What is the units digit of k?
1
Let w = -34 + 39. Suppose 3*a + 284 = -g + 3*g, -w*g + 4*a = -696. What is the tens digit of g?
3
Let y be 80*(-15)/(-66) + (-2)/11. What is the tens digit of (y + -5)/(-2 + 3)?
1
Suppose 2*f + 3*v - 26 = -v, 0 = -3*f - 5*v + 34. Suppose -2*q - 4*w = -f*w - 51, 0 = -3*q + 2*w + 94. What is the units digit of q?
8
Suppose -3*k - 3*k = 0. Suppose -3*f = 2*d + 60, -f + 35 = -d - k*d. Let q = d + 34. What is the units digit of q?
1
Let p be 3/(((-15)/(-9))/5). What is the units digit of 4 - p/(3 + 0)?
1
Suppose 0 = -12*l + 3134 + 4462. What is the hundreds digit of l?
6
Let t(u) be the second derivative of 0 + 8*u + 7/6*u**3 + 1/6*u**4 - 4*u**2. What is the units digit of t(-7)?
1
Let m be (-9)/(-2) + (-1)/2. Suppose 5*u + 3 = 13. Suppose u*y + m*k = 9 + 115, y = -4*k + 64. What is the tens digit of y?
6
Let k(p) be the first derivative of -p**4/4 + 2*p**3 + 9*p**2/2 + 3*p - 12. Let g be 3/(-18) + (-129)/(-18). What is the units digit of k(g)?
7
Suppose -1315 = -13*d + 5107. Suppose 4*v = 3*h + 851, 0 = -3*v + 4*h + d + 146. What is the hundreds digit of v?
2
Let b = 10655 + -5603. What is the tens digit of b?
5
Let l be 31/(-2) - (-10)/20. Let u be ((-8)/10)/(6/l). Suppose b - 9 = -u*b. What is the units digit of b?
3
Let g(a) = -a**2 - 9*a - 12. Suppose t - 3*i - 10 = 0, 7 = t - 5*i - 13. What is the units digit of g(t)?
8
Let j(q) = 13*q**2 + 9*q - 11. Let s be j(-7). Suppose s = 6*k + 71. What is the tens digit of k?
8
Suppose -5*r + 1098 = 2*y, -y - 10*r + 6*r + 543 = 0. What is the tens digit of y?
5
Suppose 0 = -4*f - 0*h + 2*h + 150, 2*f = 2*h + 72. Let u = f + -14. What is the tens digit of u?
2
Let u(x) = -16*x**3 + x**2 - 2*x - 3. What is the tens digit of u(-2)?
3
Let m be -5*(-510)/25 - (2 + -1). Suppose 0 = -5*s + 526 - m. What is the tens digit of s?
8
Let a be -980 + (-4)/(-8)*-2. Let w = a + 1400. Suppose -w = -6*g - 95. What is the units digit of g?
4
Suppose 3*q - q - 14 = 0. Suppose 2*z + q*u = 2*u + 127, -5*u + 188 = 3*z. What is the tens digit of z?
6
Suppose -22*s = -13*s - 7758. What is the hundreds digit of s?
8
Let o(l) = l**3 + 19*l**2 + 48*l + 20. What is the tens digit of o(-14)?
2
Let k(u) = -u**3 + 9*u**2 + 3. Let w be k(9). What is the tens digit of (-27)/(-12)*(-49 - w)*-1?
1
Let o = -38 - -45. What is the tens digit of o/(-63) - 542/(-18)?
3
Suppose -3*v - v = 8. Let u be (-3 - -1 - -2)/v. Let w = 23 + u. What is the tens digit of w?
2
Suppose -5*u + 586 - 226 = 5*y, u = 3. Suppose -3*l - 3*q + 48 = 3, -5*l - 3*q = -y. What is the units digit of l?
2
Let c(d) = -d - 1. Let x(p) = -24*p + 24. Let b(i) = -24*c(i) - x(i). What is the tens digit of b(1)?
4
Suppose 13*a - 5 = 8*a, y = 3*a + 233. Let l = 424 - y. What is the tens digit of l?
8
Let x(q) = -37*q - 58. What is the tens digit of x(-2)?
1
Let k = 66 - -492. What is the tens digit of k?
5
Let g(h) = 2*h**2 + 22*h + 146. What is the units digit of g(-29)?
0
Let c = 1634 + -844. What is the units digit of c?
0
Suppose 5*y = -2*f - 2*f + 780, 5*f = 4*y - 665. Suppose 4*p = y + 64. What is the tens digit of p?
5
Let y(g) = 3*g - 8. Let b be y(4). Let r = b - 7. Let a = r + 40. What is the units digit of a?
7
Let v(b) = -2*b + 3. Let t(r) = -3*r + 2. Let k(y) = -4*t(y) + 3*v(y). What is the units digit of k(2)?
3
Suppose -125 = m + 3*o, 4*m + 337 = 3*o - 118. Let x = 296 + m. What is the units digit of x?
0
Let d = -8 - -5. Let m be (1/d)/((-3)/18). Suppose 5*g = m + 18. What is the units digit of g?
4
Let p(j) = -8*j**2 - 290*j + 63. What is the tens digit of p(-36)?
3
Let l(o) = 3 - 6*o**2 + 7*o + 8*o**2 - 9. Let w be (-14)/(-1)*(-1)/(-4)*-2. What is the tens digit of l(w)?
4
What is the hundreds digit of (0 + (-2342)/(-2))/((-4)/(-12))?
5
Suppose 4*z - 3*g - 1324 = 0, -331 = -z + g - 4*g. What is the tens digit of z?
3
Suppose -i - 5 + 9 = 0. Suppose -i*j = -9*j + 230. What is the tens digit of j?
4
What is the tens digit of 6/(36/942) + -7?
5
Let c be 4/(-3)*(-3)/(-2). Let o be 2/4 + 23/c. Let p(q) = -2*q - 1. What is the units digit of p(o)?
1
Let d(b) = 4*b**2 + 5*b + 4. Let x be d(-1). Suppose -2*f - 234 = -x*c, -3*c + 112 = 5*f - 143. What is the tens digit of c?
8
Suppose 5*o = 2*p - 89, -6*p - 3*o = -p - 238. Let v = 51 - p. What is the units digit of v?
4
What is the thousands digit of 7 - ((-1093 - (6 - 10)) + -7)?
1
Suppose 0 = 7*u - 3*u. Suppose 0 = -2*l + 5*y + 247, 3*l + y - 54 - 342 = u. What is the hundreds digit of l?
1
Suppose 2*x + 8 = -5*s, 2*x = 3*s + 4 + 4. What is the units digit of (s - -2 - 3)*-5?
5
Let p be 50*3 + (4 - (-28)/(-4)). Let j = p + -6. What is the tens digit of j?
4
Let b be (-20)/(-9) + (129/27 - 5). Suppose b*w - 69 = -19. What is the tens digit of w?
2
Let a(o) = -98*o + 224. What is the tens digit of a(-7)?
1
Suppose 5*n = 4*h - 1619, -h + 4*h - 2*n - 1216 = 0. What is the tens digit of h?
0
Suppose w + 2*w = 144. Suppose 3*k - 2*x - 144 = 0, -k + 2*x + w = 5*x. What is the units digit of k?
8
Let z(l) = -l**3 - l + 6*l - 4*l + 3*l**2 + 5 + 2*l. What is the tens digit of z(-3)?
5
Suppose 0 = 5*r - 2*u - 7790, 5*r + 1576 = -3*u + 9391. What is the thousands digit of r?
1
Suppose -2*p = 3*p. Suppose -239 = -h - s, p = 3*h - h - 2*s - 478. What is the tens digit of h?
3
Let t(z) = -z**3 - 7*z**2 - 7*z - 7. Let w be t(-6). Let s(n) = -348*n**2 + 0 + 3 + 364*n**2 - 2. What is the tens digit of s(w)?
1
Let q(w) = -w + 2. Suppose -j + 3 + 4 = -2*o, -5*o = -4*j + 13. Let g be q(j). Suppose -g*u = -10*u + 70. What is the units digit of u?
4
Let g be 146*(-2)/(3 + -1)*-4. Let y = g - 252. What is the hundreds digit of y?
3
Suppose -453 = -2*v - 27. Suppose -26*p = -29*p + v. What is the units digit of p?
1
What is the tens digit of 4/(-8)*5340/(-2)?
3
Let d = -17 + 20. Suppose 73 = d*k - 95. What is the units digit of k?
6
What is the hundreds digit of (-2)/8 - (-109188)/144?
7
Let f(q) = 14*q**3 - 2*q**2 - 3*q + 7. What is the hundreds digit of f(3)?
3
Suppose -a = 2*h - 267, -5*a = -h - a + 120. Suppose 5*l - h = 38. What is the units digit of l?
4
Suppose -3*g - 2*g - 15 = 0. Let y = 0 - g. Suppose 115 = y*m + 31. What is the tens digit of m?
2
Let f be (2 + 319 + -3)*1. Suppose 83 = -5*o + f. What is the units digit of o?
7
What is the hundreds digit of ((-6464)/28)/(38/(-133))?
8
Suppose 2*n + 31 + 25 = 4*j, 0 = 3*j. Let f = n - -89. What is the units digit of f?
1
Let m(q) = q**3 + 4*q**2 + q - 15. What is the units digit of m(4)?
7
Let l be ((-2)/(-6))/((-9)/(-108)). Suppose -5*k + 5*f = -80, -l*k + 2*f + 3*f = -64. What is the units digit of k?
6
Let y be ((-15)/10 + 1)/((-1)/(-362)). Let w = -103 - y. What is the units digit of w?
8
Suppose 3*b - 532 - 1091 = 0. What is the hundreds digit of b?
5
Let t(f) = -5*f - 6. Let b be ((-4)/3)/((-44)/(-66)). Let o be t(b). Let k(z) = 2*z**2 - 8. What is the tens digit of k(o)?
2
Suppose -1431 = 6*x - 7*x. What is the thousands digit of x?
1
Suppose 3*i - 1172 = -4*c, -10*c + 4*i = -6*c - 1144. What is the units digit of c?
0
Let r(u) be the second derivative of -u**5/5 - u**4/6 + u**2/2 + 3*u. Let x be r(-1). What is the tens digit of (x/3 - -33) + 4?
3
Let x(s) = s**3 - 2*s**2 - 8*s + 5. Let b be x(4). Suppose -b*v + 0 = -5*c + 10, 0 = v - 4*c + 8. Let r(g) = g**2 - g + 69. What is the tens digit of r(v)?
6
Let k = 3909 - 1305. What is the hundreds digit of k?
6
Let q = 225 + 420. What is the tens digit of q?
4
Suppose 3*g - g - 8 = 0. Suppose -i = -g*r + 8 - 4, -4*i - 30 = -2*r. What is the units digit of 276/10 - i/20?
8
Let i(o) = -43*o + 0 - 3*o**2 + 42*o + 3. Let n be i(4). Let z = 94 + n. What is the tens digit of z?
4
Let d(k) = 38*k**2 - 2*k - 10. What is the hundreds digit of d(-3)?
3
Suppose 0 = -2*t - 52*t + 143208. What is the thousands digit of t?
2
Let o be 3*1/(-3)*-2. Suppose 21 = -4*x - 5*i + 4, -o*i = -4*x - 38. What is the units digit of (x/16)/(2/(-216))?
4
Suppose -3*o + 262 = 3*f - 4*o, -4*o + 448 = 5*f. Let w = 123 - f. What is the units digit of w?
5
Let w be 68/10 + 2/10. Suppose 3*b - w*b + 20 = 0. Suppose 4*x = -0*j - 3*j + 146, j - 55 = b*x. What is the units digit of j?
0
Let n = -216 - -358. Suppose n = 2*u - 0*u. What is the units di